*y - 12019 - 1671. What is the tens digit of g?
5
What is the hundreds digit of -431*(56/(-10))/((-50)/(-125))?
0
Let i(t) be the second derivative of -20*t**3 + 22*t**2 + t + 59. What is the hundreds digit of i(-4)?
5
Suppose 1 = -11*m + 34. Let w be -1*(2/3 - 2/m). Suppose w = -4*i - 2 - 18, d = i + 188. What is the tens digit of d?
8
Let p(v) = v**3 + 63*v**2 - 189*v - 201. What is the units digit of p(-59)?
4
Suppose -3171 = -r + o + 1490, 0 = -5*r - o + 23329. What is the thousands digit of r?
4
Suppose -3*u + 99764 = 3*i + 27086, i - 72664 = -3*u. What is the units digit of u?
9
Let h(f) = -f**3 + 3*f**2 + 7*f - 3. Let v be h(6). Let m = -181 - v. Let y = m + 232. What is the hundreds digit of y?
1
Let h = 349 - -803. Let s = h - 209. What is the tens digit of s?
4
Suppose -2*c = 7*i - 12*i + 31996, -2*c = -3*i + 19200. What is the hundreds digit of i?
3
Let a be (4/8)/(1/2). Let n(l) = -6032*l + 6032*l + 10*l**2. What is the tens digit of n(a)?
1
Let s(z) = -z**3 - 5*z**2 - 4*z - 3. Let i be s(-3). What is the units digit of 588/i*27/(-18)?
8
Let p(q) = -q**3 - 17*q**2 - 6*q + 121. What is the thousands digit of p(-22)?
2
Let h = -6942 - -9928. What is the thousands digit of h?
2
Let o(z) = z**3 - 96*z**2 - 132*z + 1945. What is the units digit of o(100)?
5
Let u(r) = 128*r - 2333. What is the tens digit of u(53)?
5
Suppose 3*n + 28*t + 8 = 29*t, -25 = -5*t. Let x(g) = -541*g - 51. What is the tens digit of x(n)?
9
Let q(u) = 123*u - 363. Let l be q(28). Suppose -l - 3709 = -7*y. What is the hundreds digit of y?
9
Suppose 57 = 4*k + 5*p, 44 = 3*k + 2*p + 2*p. Suppose -7*i = i + k. Let f = 108 - i. What is the units digit of f?
9
Suppose -4*z + 5*z + 2*n = -67, -4*z = 4*n + 252. Suppose 0 = 5*c - 2*d - 32, -4*c + d - 2*d + 23 = 0. Let p = c - z. What is the tens digit of p?
6
Let y(h) = 4*h**2 - 23*h + 8. Let u = 28 + -22. What is the units digit of y(u)?
4
Let j(r) = r**3 - 34*r**2 + 63*r + 34. Let s be j(32). Let p = 1 - -5. Suppose -p*a + 256 = -s*a. What is the tens digit of a?
6
Suppose 0*g - 2070 = -3*j + 4*g, -5*j + 3424 = 2*g. Let h = 1734 - j. What is the thousands digit of h?
1
Let v(d) = -d**3 + 18*d**2 - 37*d - 13. Let c be v(16). Let w = 882 + c. What is the tens digit of w?
8
Suppose -r + 40 = 2*s - 43, -5*r + 4*s = -345. Let x = 78 - r. Suppose 1144 = x*m + 64. What is the tens digit of m?
1
Let t = -19768 - -41454. What is the tens digit of t?
8
Let v(x) = 13*x - 101. Let k be v(8). Suppose 172 = -k*u + 442. What is the tens digit of u?
9
What is the hundreds digit of 1/(1/(-15))*(3153/(-9) + 3)?
2
Let v(f) = -428*f - 616. What is the units digit of v(-7)?
0
Suppose -30*u = -16*u - 50572 - 499068. What is the ten thousands digit of u?
3
Let q = 103 + -103. Suppose q = -2*h + 787 + 81. Let t = 706 - h. What is the hundreds digit of t?
2
Suppose 2*m + 4154 = 3*x - 14399, -x + 2*m = -6179. What is the thousands digit of x?
6
Let k be -4*(0 - -1) + 15. Let b(h) = -h**3 + 10*h**2 + 10*h + 10. Let d be b(k). Let n = 29 - d. What is the tens digit of n?
3
Let y be 0 - (-2 + 3/(-1)). Suppose -x - 1 = y*a, a = 3*a + 2. Suppose 2 = -2*l, x*l - 15 = -4*o + 621. What is the tens digit of o?
6
Suppose 0*i = -4*s + 4*i + 28, 3*s + i - 13 = 0. What is the units digit of (s/(-2))/(110/(-29128))?
2
Suppose 5*g - 44 = -4*d + 476, -5*g - d = -520. Suppose 418 = -102*o + g*o. What is the tens digit of o?
0
Let a(p) = 6*p**2 - 7*p + 7. Suppose 4*c + 2*g + 3*g = 93, -5*c = g - 90. Let j = c - 13. What is the units digit of a(j)?
5
Let f(o) = 4*o - 10. Suppose -2*u = -3*h + 24 - 5, 5*h = 2*u + 33. Let w be f(h). Suppose -3*l - 3*i + 57 = -w, 3*l - 105 = 3*i. What is the units digit of l?
0
Suppose -4618 = 12*u + 10946. Let d = -708 - u. What is the hundreds digit of d?
5
Let o be 4814/2 + (-2 - (3 - 9)). Suppose -244 = 11*t - o. What is the hundreds digit of t?
1
Let d(g) = -1553*g + 1545*g + 0*g**3 - g**3 + 7 + 7*g**2 - 3*g**3 + 6*g**3. What is the thousands digit of d(8)?
1
Suppose 0 = -4*m + 5*z + 5572, -5*m = 4*z + 2589 - 9554. What is the hundreds digit of m?
3
What is the ten thousands digit of (24 - 12) + 6 + 25403?
2
Suppose 13*a = 146 - 29. Suppose -a*r + 5*r = -1960. What is the hundreds digit of r?
4
Let x(y) = 5*y + 2*y**2 + y + 113 - 5 + 26*y. What is the hundreds digit of x(-26)?
6
Let a be (8 - 2)*9/6. Suppose h + 2*s + a = 0, 5*h + 4 = -s - 5. Let d(z) = -79*z**3 - z**2 - 2*z - 1. What is the tens digit of d(h)?
7
Suppose -3*a - 4*i - 70 = 0, 3*a + 0*i - 3*i = -84. Let z = a - -127. Suppose 2*q + 70 = b, z = 2*b + q - 34. What is the tens digit of b?
6
Suppose 2*z - 9841 + 1643 = 2*n, -2*n = 4*z - 16390. What is the thousands digit of z?
4
Let p = -67 - -87. What is the tens digit of (87/(-15)*6)/((-2)/p)?
4
Let v = 64211 - 35116. What is the tens digit of v?
9
Let h be -2*(-2 + (-18 - -1)). Suppose h = 5*n - 82. Let y = n - -11. What is the tens digit of y?
3
Let s(u) = u**3 + 15*u**2 + 12*u - 11. Let w be (1 + -3 - -86) + (-2)/2. Suppose -4*j = -27 + w. What is the tens digit of s(j)?
1
Suppose -2*t = -8, -2*i = 4*t - 17007 - 34335. What is the thousands digit of i?
5
Let m(s) = -s**3 - 8*s**2 + 9*s + 5. Let w be m(-9). Let r(q) be the second derivative of 13*q**3/6 - 14*q**2 + 38*q. What is the tens digit of r(w)?
3
Let q(w) = 29*w**3 - 2*w**2 + 2*w - 1. Suppose -a - 7*p + 3*p - 7 = 0, -2*a = 3*p + 4. Let k be q(a). Let g = 146 - k. What is the hundreds digit of g?
1
Suppose 0 = -10*a + 12*a. Suppose 27*o - 2*o - 7575 = a. What is the hundreds digit of o?
3
Let u(x) be the first derivative of 1/3*x**3 + 3*x**2 + 14 + 10*x - x**4. What is the units digit of u(-2)?
4
Let k be 25844/63 + (-6)/27. What is the units digit of (k + -3)/1*1?
7
Let x be (-2)/(5/930*-4). Suppose -x = -6*k + 687. What is the units digit of k?
0
Let z(r) = 4*r**3 - 9*r**2 + 47*r + 42. What is the tens digit of z(16)?
7
Let a be 2 + -3 - -5*1. Let y be (-56)/(-10) + 14/10. Suppose -a*b + y*b = 177. What is the units digit of b?
9
Let g(w) = 39*w + 2. Let i be 4 + 9/3 + -3. Let r be g(i). Suppose -b = -5, -t + r = t + 2*b. What is the tens digit of t?
7
Suppose 105 = 5*w - 8*w. Let z = w - -50. What is the units digit of ((-50)/z)/(2/(-15))?
5
Let c be (7 - -5)*(-1 - (-22)/8). What is the tens digit of 186/(1/((c/2)/7))?
7
Suppose 168*o - 5*w + 425680 = 173*o, -340530 = -4*o + 3*w. What is the hundreds digit of o?
1
Let w = 156605 + -98705. What is the hundreds digit of w?
9
Let n be 2*155/(-5) - 1. Suppose x - 3*x - 14 = 0. What is the tens digit of n/x*(-17)/(-3)?
5
Let y(m) = -m**2 - 1. Let h(t) = -t**3 + 11*t**2 - 6*t + 5. Let i(a) = -h(a) - 3*y(a). Let j be i(5). Let v = 175 + j. What is the hundreds digit of v?
1
Let i(z) = -7*z - 10. Let c be i(-2). Suppose 0 = c*m - u - 2704 + 265, -4*m + 2434 = -2*u. What is the tens digit of m?
1
Let h be 8/18 - 1264/(-72). Suppose 0*o = h*o - 19422. What is the tens digit of o?
7
Suppose 84*z - 82*z - 126579 = 5*h, 3*h = -4*z + 253197. What is the thousands digit of z?
3
Let h be (0 - (1 + 2))/(35/(-35)). Suppose s = u + 3*u - 10, 4*s = h*u - 14. What is the hundreds digit of -4 + (u - 933/((-3)/1))?
3
Let l be 1/(10/72)*36765/258. Let h = -354 + l. What is the tens digit of h?
7
Suppose x + 8*x = 27. Suppose s = -4, -4*z + x*s = -0*s - 92. Suppose 0 = 13*u - 17*u + z. What is the units digit of u?
5
Let m(q) = 79*q - 33. Let j be m(25). Suppose 4*z + j = 2*b, 0*b = -3*b + 15. Let d = z - -708. What is the units digit of d?
5
Suppose -16247 = -y - 56*q + 57*q, -y + 16243 = -2*q. What is the ten thousands digit of y?
1
Suppose f = -17*h + 16*h + 2, -2*h + 5*f + 11 = 0. Suppose 9*l = 4*l + m + 1934, -3*l = h*m - 1146. What is the tens digit of l?
8
Let c be (-38)/(-133) + (-9843)/(-21). Suppose 2*y - 113*w - 324 = -118*w, w + c = 3*y. What is the tens digit of y?
5
Let t = 9327 + -5284. What is the units digit of t?
3
Let x(h) be the first derivative of -9/2*h**2 + 6 - 6*h. What is the hundreds digit of x(-17)?
1
Let w = 230 + -227. Suppose -5*j + w*x - x + 2401 = 0, -4*j = 2*x - 1910. What is the hundreds digit of j?
4
Suppose w + 36975 = 19*w - 65463. What is the thousands digit of w?
5
Suppose -2*m + 7*m = 3*l + 30, 3*l + 12 = -m. Suppose 3*f + m*s = 1041, -5*f - 2*s = -2022 + 293. What is the tens digit o